d c?
16
Let b = 11 - -15. Let n(d) = -4*d**2 + 9*d + 49. Let v be n(-4). Let z be -5*((-8)/32 - v/(-4)). What is the greatest common factor of b and z?
13
Suppose 0 = 2*j - 6, -25 = -19*z + 18*z - 5*j. What is the greatest common factor of 58 and z?
2
Let g be (-1 - -32)/((-6)/(-18)). Let u be (80/(-120))/(2/(-93)). What is the greatest common factor of u and g?
31
Suppose -6*j + 75 = 645. Let m = -89 - j. Calculate the highest common divisor of 48 and m.
6
Suppose 174 = 25*r - 176. What is the highest common divisor of r and 2030?
14
Let c = -55 - -119. Suppose c = -2*p - x, 5*p = 4*x - 167 - 6. Let j be (-1)/(-3) - 880/p. Calculate the highest common factor of j and 27.
27
Suppose 5*i = 2 + 48. Let v be 3/2*480/72. What is the highest common divisor of i and v?
10
Suppose -3*v + 4 = -14. Suppose 0 = 2*g - v*g + 48. Let s be -44*(-3 + 0/3). What is the greatest common factor of g and s?
12
Let z(g) = g**2 + 8*g - 56. Let x be z(-14). Calculate the highest common divisor of x and 28.
28
Let t(c) = c**2 + 6*c + 9. Let l be t(-7). Suppose 4*n + 0*n + 5*r = 76, 112 = 4*n - 4*r. Calculate the greatest common divisor of l and n.
8
Let k be 27/5*10/6. Calculate the greatest common divisor of 36 and k.
9
Let v be (9/((-63)/14) - 3)*-1. What is the greatest common factor of v and 205?
5
Let f(h) = -2*h + 4. Suppose 2 - 17 = 3*u. Let j be f(u). Let a be -4*(2 + 3*-3). Calculate the greatest common divisor of a and j.
14
Suppose l + 4*l = 0. Let n = 65 + 20. Suppose l = -5*z + v + n, 3*z - 2*v - 58 = -0*v. What is the highest common factor of z and 40?
8
Let r be 14 - (1 - 3) - 0. Let c = r - -5. Suppose 2*j - 33 = 51. Calculate the highest common divisor of c and j.
21
Let i(k) = 35*k - 15. Let s be i(-15). Let h be 11/(55/s)*-1. Suppose 3*f + 3*f = h. What is the highest common divisor of 198 and f?
18
Let k = 13 + 5. Let y be (1 + -2)/((-5)/15). Suppose 0 = g - z - 43, g + y*g - 188 = -4*z. What is the greatest common divisor of k and g?
9
Let x = -79 - -82. What is the greatest common factor of 48 and x?
3
Suppose l = 4*c - 9*c + 24, 3*c - 12 = 0. Suppose -l*g + 5*h = -87, 2*h - 10 = -2*g + 38. What is the highest common divisor of 184 and g?
23
Let z(a) = -148*a + 236. Let y be z(1). Suppose -17 = -5*i + 18. Let j = 15 - i. Calculate the highest common factor of y and j.
8
Suppose -26*v + 116 = -25*v. Suppose -u + 285 = 5*l + 109, -3*l + v = -2*u. What is the highest common divisor of 54 and l?
18
Suppose 19*k + 125 = 24*k. Calculate the greatest common factor of k and 350.
25
Let z be (12/3)/1 - -3. Suppose -z*s + 56 = -140. Calculate the greatest common factor of s and 70.
14
Let n = 2 - -11. Let p(u) = 2*u**2 + 3*u. Let w be p(-2). Suppose -w*c - 22 = -z + c, z - 25 = 4*c. What is the highest common factor of z and n?
13
Let o be (-228)/5*(9 + 470/(-30)). What is the greatest common divisor of 38 and o?
38
Let i(x) = x + 67. Let r be i(23). Suppose -3*l = -19 - 41. Calculate the highest common factor of l and r.
10
Let g be -14 + 3/(-1 + 0). Let y = -14 - g. Suppose -j = -2, -d - y*d = 3*j - 46. Calculate the highest common divisor of d and 40.
10
Let n(t) = -2*t**3 + 32*t**2 - 26*t - 2. Let a be n(15). What is the highest common factor of a and 87?
29
Let u be (-4)/(-1*4/8). Suppose -u*d + 24 = -6*d. What is the greatest common divisor of d and 30?
6
Suppose -92 = -b - 8*m, 4*b - 514 = -5*m - 92. What is the greatest common factor of b and 198?
18
Suppose 2*v - 70 = 3*f, 2*v + f + 4*f - 86 = 0. Calculate the greatest common factor of v and 152.
38
Suppose 7*p = -418 + 1454. Let l = 214 - p. What is the highest common divisor of l and 22?
22
Let z = 2883 + -1990. Calculate the greatest common divisor of z and 47.
47
Let d(w) = 5*w**2 + 4*w - 1. Let f be d(3). Suppose f = 3*p - p. Suppose 0 = -7*r - 2*r + 630. Calculate the greatest common factor of p and r.
14
Let f be (-4)/1 + 90 + 2 + 1. Suppose 274 + f = 3*u. Calculate the greatest common divisor of u and 11.
11
Let h be (14/3)/((-4)/6 - -1). Calculate the highest common divisor of h and 63.
7
Let f = -18 - -81. Suppose -18 - 9 = -3*h. Calculate the greatest common factor of h and f.
9
Let t = -662 + 670. What is the greatest common divisor of t and 116?
4
Let b be 318/18 + 6/(-9). Calculate the highest common factor of 221 and b.
17
Let b be 13/(26/4)*2. What is the highest common divisor of b and 18?
2
Let u(c) = 2*c**3 - 8*c**2 + 2*c + 6. Let y be u(5). Calculate the highest common divisor of 22 and y.
22
Suppose 10 = -5*z, 4*v - 5*z - 80 = 570. What is the greatest common divisor of v and 5?
5
Suppose 7*h = 6*h + 58. Let k = h - 39. Let q = 334 + -201. What is the highest common factor of k and q?
19
Suppose -4*i + 3*r - 55 = -0*i, 3*r + 25 = -i. Let a be (-2)/8 + 60/i. Let u = a + 15. Calculate the highest common divisor of u and 11.
11
Let n = 8 + -7. Suppose 0 = 2*q + 2*j + 23 - 5, 4*q - j = -41. Let h be (18/q - -1)*20/(-2). Calculate the greatest common factor of h and n.
1
Suppose -5*a + 540 = 13*a. What is the greatest common divisor of 290 and a?
10
Let r = -35 + 59. Suppose -4*m + 11*m - 336 = 0. What is the highest common factor of m and r?
24
Let c be 2 + 2/(2/31). Let h be 1/(-2 - c/(-15)). Suppose -h*m + 225 = -4*f - f, 0 = 3*m - f - 135. What is the highest common factor of m and 5?
5
Let f = -192 + 208. Calculate the highest common factor of f and 176.
16
Suppose -12*z = -58 - 206. What is the greatest common factor of z and 418?
22
Let x(l) = l**2 - 9*l - 31. Let w be x(-4). Let g(a) = a**3 + 2*a**2 - a + 1. Let n be g(-2). What is the greatest common divisor of n and w?
3
Let q = 250 - 237. Calculate the highest common factor of 52 and q.
13
Let j be (10/(-8))/((-13)/52). Suppose -j*k - 2*a + 114 + 580 = 0, 2*k = -4*a + 268. What is the greatest common factor of 20 and k?
20
Let s = 14 + -15. Let z(l) = l + 1. Let f be z(s). Suppose -c + 102 + 74 = 2*a, 4*a - 3*c - 372 = f. What is the greatest common factor of 10 and a?
10
Suppose 4*g = 6*g + 28. Let z = g - -16. Let v be z/3 + 952/12. What is the highest common divisor of 16 and v?
16
Let x = -6 - -11. Suppose 0 = -5*i - 0*i + x. Calculate the greatest common factor of 2 and i.
1
Let h be 20/(-8)*14*1. Let k be (-1200)/h - 2/7. Calculate the greatest common divisor of 34 and k.
34
Suppose 786 - 12 = 86*o. What is the highest common divisor of 5 and o?
1
Let w(g) = -g**3 + 11*g**2 + 13*g - 49. Let d be w(8). Calculate the highest common divisor of d and 26.
13
Let l be (((-12)/15)/(6/255))/(-1). Calculate the highest common divisor of l and 17.
17
Suppose 5*v + 585 = 5*q, q - 4*v = -v + 111. Calculate the greatest common divisor of q and 225.
15
Let q be 28 - (0 - 1)*2. Let i be ((-16)/24)/((-2)/123). Suppose 4*t - 121 = -i. What is the highest common factor of t and q?
10
Let z be (255/20)/(-17) - (-195)/4. Calculate the highest common divisor of 56 and z.
8
Suppose -32 = -4*f - 4*g, -g = -0 - 2. Suppose -f = -3*n + 192. Calculate the highest common divisor of 6 and n.
6
Let c(n) be the second derivative of -n**4/12 + 3*n**3 - 35*n**2/2 + 7*n. Let h be c(13). Calculate the greatest common divisor of 60 and h.
30
Suppose 27 + 2 = 3*t - 2*j, 0 = -3*t - 5*j + 22. Calculate the highest common divisor of t and 273.
3
Let a(y) = -10*y + 29. Let l be a(-2). Calculate the greatest common divisor of l and 56.
7
Let y be 72/((-90)/10) - -12. Calculate the greatest common factor of y and 296.
4
Let f(a) = 9*a - 217. Let h be f(29). What is the greatest common divisor of h and 11?
11
Let v(c) = c**2 - c - 18. Let i be v(0). Let b be (-2588)/(-18) + (-4)/i. Suppose -102 + 294 = 12*m. Calculate the greatest common factor of m and b.
16
Let s = 71 - 65. Suppose 5 = a - 0*a. Suppose a*l = 81 + 9. What is the greatest common divisor of l and s?
6
Let a(p) = 3*p**3 + p**2 + p - 1. Let z be a(1). Suppose -z*l + 3*l = -176. Let o be -4 - -27 - (0 + (2 - 1)). What is the greatest common factor of l and o?
22
Let y = 34 + -10. Let k(m) = m**2 - m + 72. Let c be k(0). What is the greatest common divisor of y and c?
24
Let s(y) = 6*y**2 - 14*y + 23. Let o be s(3). Let u(q) = -3*q - 10. Let f be u(-8). Calculate the greatest common divisor of o and f.
7
Suppose 7*y - 148 = 2*y - 4*a, 0 = -3*y - a + 93. Suppose -b = 0, 0 = -q - 4*b + 7*b + 